alculate the remainder when 2212028 is divided by 301.
280
What is the remainder when 17805209 is divided by 43?
27
What is the remainder when 61953901 is divided by 1069?
6
What is the remainder when 642397 is divided by 1884?
1837
What is the remainder when 331180 is divided by 109950?
1330
What is the remainder when 2273 is divided by 1726?
547
What is the remainder when 8584240 is divided by 2539?
2420
Calculate the remainder when 161943 is divided by 35.
33
What is the remainder when 20980867 is divided by 118?
113
Calculate the remainder when 4492040 is divided by 30979.
85
Calculate the remainder when 696265 is divided by 40956.
13
What is the remainder when 200785 is divided by 3935?
100
What is the remainder when 18883 is divided by 3942?
3115
Calculate the remainder when 135891932 is divided by 260829.
23
Calculate the remainder when 462536 is divided by 5080.
256
Calculate the remainder when 1325975 is divided by 34.
9
Calculate the remainder when 142531 is divided by 9.
7
Calculate the remainder when 50293 is divided by 16742.
67
Calculate the remainder when 13008803 is divided by 3535.
3
Calculate the remainder when 2594759 is divided by 648602.
351
Calculate the remainder when 248558 is divided by 5648.
46
What is the remainder when 119718 is divided by 14677?
2302
Calculate the remainder when 501652 is divided by 250801.
50
What is the remainder when 847 is divided by 812?
35
What is the remainder when 2509258 is divided by 1254607?
44
What is the remainder when 578898 is divided by 710?
248
What is the remainder when 20384 is divided by 2585?
2289
What is the remainder when 867501 is divided by 867012?
489
Calculate the remainder when 6683925 is divided by 1894.
1893
Calculate the remainder when 622700 is divided by 38838.
1292
Calculate the remainder when 7682645 is divided by 640217.
41
Calculate the remainder when 1049400 is divided by 942.
12
Calculate the remainder when 83780104 is divided by 303.
301
Calculate the remainder when 394917 is divided by 1828.
69
What is the remainder when 4357898 is divided by 263?
251
What is the remainder when 102036 is divided by 1594?
20
What is the remainder when 756615 is divided by 282?
9
Calculate the remainder when 10881689 is divided by 2176337.
4
Calculate the remainder when 226903 is divided by 654.
619
Calculate the remainder when 345974 is divided by 43245.
14
What is the remainder when 12777782 is divided by 308?
94
What is the remainder when 34408 is divided by 557?
431
Calculate the remainder when 65967750 is divided by 65967748.
2
What is the remainder when 4439705 is divided by 62531?
4
Calculate the remainder when 90075093 is divided by 71.
20
What is the remainder when 386359 is divided by 96580?
39
Calculate the remainder when 1647856 is divided by 2254.
182
Calculate the remainder when 140726 is divided by 484.
366
What is the remainder when 21385617 is divided by 108?
105
Calculate the remainder when 291238 is divided by 41589.
115
Calculate the remainder when 1308352 is divided by 39.
19
What is the remainder when 3446903 is divided by 861703?
91
Calculate the remainder when 95373938 is divided by 567702.
2
Calculate the remainder when 2790041 is divided by 464.
9
What is the remainder when 537473 is divided by 581?
48
What is the remainder when 6321325 is divided by 121?
43
What is the remainder when 288210 is divided by 6265?
20
Calculate the remainder when 3343916 is divided by 139270.
1436
Calculate the remainder when 245870 is divided by 891.
845
Calculate the remainder when 59242 is divided by 7378.
218
What is the remainder when 8848783 is divided by 257?
16
Calculate the remainder when 648004 is divided by 129598.
14
What is the remainder when 32918494 is divided by 676?
674
What is the remainder when 1379259 is divided by 86?
77
What is the remainder when 5488 is divided by 1730?
298
Calculate the remainder when 283003 is divided by 282950.
53
What is the remainder when 44271 is divided by 10367?
2803
Calculate the remainder when 2416624 is divided by 8165.
7949
Calculate the remainder when 850321 is divided by 1653.
679
Calculate the remainder when 1786498 is divided by 1731.
106
What is the remainder when 68706081 is divided by 56?
17
Calculate the remainder when 2065529 is divided by 39.
11
Calculate the remainder when 3647488 is divided by 4531.
33
Calculate the remainder when 95544 is divided by 23671.
860
Calculate the remainder when 118491632 is divided by 9.
8
What is the remainder when 5315813 is divided by 2573?
2568
What is the remainder when 791221 is divided by 791176?
45
What is the remainder when 35859287 is divided by 11497?
144
Calculate the remainder when 38624439 is divided by 254108.
23
Calculate the remainder when 136882 is divided by 59.
2
Calculate the remainder when 19144821 is divided by 111.
96
Calculate the remainder when 34095102 is divided by 16228.
74
Calculate the remainder when 50546 is divided by 12307.
1318
What is the remainder when 2677747 is divided by 84?
79
Calculate the remainder when 21070782 is divided by 10535385.
12
Calculate the remainder when 13259 is divided by 1469.
38
What is the remainder when 217503165 is divided by 98?
5
Calculate the remainder when 690104 is divided by 496.
168
What is the remainder when 6152095 is divided by 31?
21
Calculate the remainder when 578610 is divided by 439.
8
Calculate the remainder when 2069803 is divided by 129351.
187
Calculate the remainder when 157680 is divided by 2577.
483
Calculate the remainder when 40056 is divided by 1875.
681
Calculate the remainder when 3908983 is divided by 98.
57
What is the remainder when 2325904 is divided by 78?
22
Calculate the remainder when 50927 is divided by 16946.
89
What is the remainder when 3264610 is divided by 2462?
2460
What is the remainder when 38994 is divided by 7332?
2334
Calculate the remainder when 2711013 is divided by 180.
33
What is the remainder when 191772 is divided by 9165?
8472
What is the remainder when 5120244 is divided by 11?
8
Calculate the remainder when 3289274 is divided by 299022.
32
What is the remainder when 63764516 is divided by 1124?
1120
Calculate the remainder when 52995 is divided by 144.
3
Calculate the remainder when 386240 is divided by 1268.
768
Calculate the remainder when 92091 is divided by 18354.
321
Calculate the remainder when 136867504 is divided by 3150.
4
Calculate the remainder when 1867737 is divided by 20.
17
Calculate the remainder when 3286784 is divided by 69913.
873
Calculate the remainder when 14968750 is divided by 80.
30
What is the remainder when 58139 is divided by 19372?
23
Calculate the remainder when 65998 is divided by 544.
174
Calculate the remainder when 57109711 is divided by 22.
21
Calculate the remainder when 17963054 is divided by 861.
11
Calculate the remainder when 9271535 is divided by 6290.
75
What is the remainder when 81821 is divided by 542?
521
Calculate the remainder when 9312182 is divided by 3104057.
11
Calculate the remainder when 1034590 is divided by 645.
10
Calculate the remainder when 2212363 is divided by 1777.
1775
Calculate the remainder when 528968 is divided by 6373.
9
What is the remainder when 136623 is divided by 14?
11
Calculate the remainder when 921640 is divided by 87.
49
Calculate the remainder when 724159 is divided by 904.
55
What is the remainder when 17692 is divided by 277?
241
What is the remainder when 490040 is divided by 142?
140
What is the remainder when 79317299 is divided by 14?
5
What is the remainder when 3342417 is divided by 557034?
213
Calculate the remainder when 618198437 is divided by 21.
17
What is the remainder when 8687 is divided by 1016?
559
Calculate the remainder when 31775 is divided by 10519.
218
Calculate the remainder when 1124837 is divided by 122.
119
What is the remainder when 1819183 is divided by 141?
1
What is the remainder when 64307016 is divided by 20?
16
Calculate the remainder when 105849 is divided by 31.
15
Calculate the remainder when 72414 is divided by 6806.
4354
Calculate the remainder when 2297489 is divided by 207.
203
What is the remainder when 1442774 is divided by 33550?
124
What is the remainder when 302150 is divided by 618?
566
Calculate the remainder when 43838 is divided by 